)/(-12))/(-3)*-1*3?
85
Suppose 0 = 5*g + 25, -4*v + 261 = -0*g - g. What is the remainder when ((-30)/(-8))/((-72)/(-4800)) is divided by v?
58
Suppose 3060 = -61*w + 157*w - 76*w. Calculate the remainder when w is divided by 52.
49
Suppose 4 = -2*s, 3*g - 8*s - 20 = -7*s. Calculate the remainder when (-753)/12*8/g*-3 is divided by 42.
41
Let z = -508 - -745. Suppose z = 9*s - 267. Calculate the remainder when 208 is divided by s.
40
What is the remainder when 776 is divided by (-510)/1785 - (-219)/7?
1
Let f(i) = -i**3 + 14*i**2 + 12*i - 22. What is the remainder when f(14) is divided by -4*(-8)/96*3*31?
22
Let t(f) = -f**3 - 4*f**2 + 4*f - 8. Suppose 0 = -28*v + 21*v - 7. Let y = 13 - v. Calculate the remainder when t(-6) is divided by y.
12
Suppose -473 = x - 6*x + 3*a, 280 = 3*x + 2*a. Let m = 52 - 21. Calculate the remainder when x - (3 + 4 + -5) is divided by m.
30
Suppose -100 = 25*g - 0. Suppose 0 = -2*z - 4 + 116. Calculate the remainder when z is divided by (0 - -8) + (3 - g).
11
Suppose 0 = -815*f + 824*f - 585. What is the remainder when f is divided by 0 + -2*1 - -19?
14
Let t = 12430 + -5201. Calculate the remainder when t is divided by 30.
29
Suppose -867*i = -886*i + 6897. What is the remainder when i is divided by 112?
27
Let i(r) = r**2 - 49*r - 1. Let y be i(56). Suppose y*u - 399*u = -272. What is the remainder when u is divided by 19?
15
Let v be 0/21 - ((-8091)/(-3))/3. Let m = v - -1267. Calculate the remainder when m is divided by 41.
40
Let i = 3438 + -2842. What is the remainder when i is divided by 298?
0
Suppose -1235 = 6*j - 95. Let i = j + 273. What is the remainder when 409 is divided by i?
77
Suppose 16 = -34*h + 36*h, 2*h = 3*p + 1. Calculate the remainder when 293 is divided by p.
3
Let x(k) = -4*k**2 - 7*k + 271. Calculate the remainder when 638 is divided by x(-8).
70
Suppose 3*i - 2*s = 216, -3*s - 272 = -3*i - 50. Calculate the remainder when 227 is divided by i.
23
Calculate the remainder when (-405 - (1 - 1))*(51/(-9) - -5) is divided by 15.
0
Let h = 335 + -218. Suppose 3*m - h = -0*m. Calculate the remainder when 76 is divided by m.
37
Suppose 3 = 3*s, 581*v = 576*v + 3*s + 62. Suppose 830 = -3*i - 46. What is the remainder when i/(-6) - (-6)/(-9) is divided by v?
9
Let k(q) = -31*q - 1448. Let z(i) = 4*i - 12. Calculate the remainder when z(11) is divided by k(-47).
5
Let g(m) = -7*m + 6*m - 6 - 4*m. Suppose -7*y + 5*y - 6 = 0. What is the remainder when g(y) is divided by 8?
1
Calculate the remainder when 1 - 4 - (50/20)/((-2)/12) is divided by 11.
1
Let k(n) = 11*n**2 + 128*n + 754. Calculate the remainder when k(-8) is divided by 90.
74
Let y(c) = 157*c**2 + 17*c - 18. Let o be (1 - (-4)/(-3))/(34/(-102)). Calculate the remainder when y(o) is divided by 53.
50
Suppose 1254 = -4*q + 10*q. Let o = 530 - q. What is the remainder when o is divided by 36?
33
Let j(m) = m - 2. Let k be j(6). Suppose -21*f + k = -20*f. Let o = 28 - 18. What is the remainder when o is divided by f?
2
Suppose -3*n = -n - 106. Let g = n + -33. Suppose -2 - 136 = -4*k - 5*p, 3*k + 2*p = 107. Calculate the remainder when k is divided by g.
17
Let f = 10297 - 6379. Calculate the remainder when f is divided by 80.
78
Let f(a) = -a**3 + a**2 + 6*a. Let l be f(3). Suppose 9*k + l - 126 = 0. What is the remainder when k is divided by 5?
4
Suppose -6*m = 2*m - 312. Let u = m + -18. Suppose 2*j = 3*t - u, -2*t + 14 = j - 3*j. Calculate the remainder when 21 is divided by t.
0
Suppose -28*k = -33*k - 10. Let w(l) = 5*l - 1. Let u be w(6). Let d = u - k. Calculate the remainder when d is divided by 16.
15
Suppose 154*d = 141*d + 741. What is the remainder when d is divided by 20?
17
Let r be (-15)/(-10)*(-312)/(-18). Suppose 3*x - 2*y - r = 0, -y = 4*x - 5*x + 8. What is the remainder when 18 is divided by x?
8
Let c(k) = k**3 - 43*k**2 - 118*k - 34. Calculate the remainder when c(46) is divided by 127.
124
Let u(j) = j**2 + 9*j + 16. Let c = 254 - 254. Calculate the remainder when 25 is divided by u(c).
9
Suppose -3*g - 2*j - 22 = 0, 0*g - 2*j = -5*g - 10. Let d be g/(-16) + 291/(-12). Calculate the remainder when (-2)/(-5) + d/(-15) - -32 is divided by 10.
4
Let x(n) = n**3 + 50*n**2 + 555*n - 66. Suppose 4*q - 9*q = -280. Suppose 2*c - q = -2*c. What is the remainder when x(-17) is divided by c?
8
Let w(f) = -f**2 - 101*f - 2145. Calculate the remainder when w(-59) is divided by 16.
13
Let t = -17851 + 17901. Suppose 406 = 2*y + 14. Calculate the remainder when y is divided by t.
46
Suppose i + 8*i - 399 - 1473 = 0. Calculate the remainder when 878 is divided by i.
46
Let u = -33 + 48. Suppose 4*q + 2*o = u + 11, -2*o + 22 = 3*q. Calculate the remainder when (1 + 4)/(12/12) is divided by q.
1
Suppose f + k - 138 = 35, -4*k + 520 = 3*f. Suppose -5*z + 5*y = -345, -3*z = -0*z + 4*y - f. Calculate the remainder when z is divided by 17.
13
Let q = 545 + -101. Suppose -2*t + 5*t - 338 = -b, 0 = 4*t - 2*b - q. Let y = -86 + t. Calculate the remainder when y is divided by 6.
2
Let c be (-5 - 0)/((-17)/187). Suppose c + 181 = 4*b. Calculate the remainder when b is divided by 15.
14
Suppose 13*z - 16028 - 8724 = 0. Calculate the remainder when z is divided by 36.
32
Suppose -9 = -5*n - 2*i, -3*n + 2*i + 18 = n. Suppose -3*w + 57 = -n*h, 2*w = 5*h - 13 + 57. Calculate the remainder when 236 is divided by w.
15
Suppose w + 26 = 3*k, 4*k = 4*w + 29 + 11. Suppose k*y = 10*y + 116. Let j = 80 + y. Calculate the remainder when 39 is divided by j.
17
Let g(y) = 11*y - 3. Let p be (-3787)/(-14) - 3/(-6). Let k = -112 + p. Calculate the remainder when k is divided by g(4).
36
Let u = 14479 + -14464. Let n be 0 + 1 - 2/(-2). Suppose 3*p = 0, -5*l = p + n*p - 55. What is the remainder when u is divided by l?
4
Let c = -686 + 718. Calculate the remainder when 12415 is divided by c.
31
Let a(x) = -45*x**3 - 15*x**2 - 2*x + 65. Calculate the remainder when a(-5) is divided by 12.
9
Suppose -201 = 5*b - 226. Suppose b*l = s + 6, -5*s - 3*l + 19 = -35. Calculate the remainder when 34 is divided by s.
7
What is the remainder when 219 is divided by 1/((35/(-100))/(-7))?
19
Let s be (4 - -13)*(-4 + 1). Suppose 0*i + 2166 = 19*i. Let d = i + s. Calculate the remainder when d is divided by 17.
12
Let y = 395 - 387. Let l = 148 + -100. Let b = 7 + l. What is the remainder when b is divided by y?
7
Let p = 4175 + -4121. Let r(j) be the first derivative of 7*j**4 + 2*j**3/3 - j**2 + j - 1. Calculate the remainder when p is divided by r(1).
25
Let k be (-10 + 9)/(1 - 12/15). Let n be (-2)/k*(-1 - 0)*5. What is the remainder when (4 - 7/(-21))*(-6)/n is divided by 8?
5
Calculate the remainder when (-260)/104*4/(-10)*124 is divided by 69 - (4/(-2))/(-1).
57
Let c be 39/(-26)*4/(-3) + 10. Suppose -c = -5*i + 63. Calculate the remainder when 74 is divided by i.
14
Let s(w) = 745*w**2 - w - 6. What is the remainder when s(-1) is divided by 105?
5
Let d(a) = a**2 + 33*a - 36. Let v be d(-35). Suppose 2*t - v + 3 = 3*k, 37 = 2*t - 5*k. Let x = 42 + -22. What is the remainder when x is divided by t?
9
Suppose -85*n - 8*n + 4257 + 114 = 0. What is the remainder when 199 is divided by n?
11
Let k = -4532 + 4617. What is the remainder when 1359 is divided by k?
84
Let x(m) = -m**3 - 11*m**2 - 27*m - 5. Let v be x(-3). Suppose 0 = -5*y - v*d + 424 + 155, -2*y + 226 = -4*d. What is the remainder when y is divided by 15?
10
Let a = -81 + 85. Suppose 14 = -5*z - 5*v + 49, z + a*v - 1 = 0. Let d = 45 - 19. What is the remainder when d is divided by z?
8
Suppose -2 = 280*l - 281*l, -2*u + 5*l = -1076. Calculate the remainder when u is divided by 182.
179
Let d = 155 - 163. Let w(f) = 2*f**2 + f - 71. What is the remainder when 189 is divided by w(d)?
42
Let a(j) = j**2 + 2*j + 2. Let s be a(0). Suppose -30 = -4*u - s*n, 2*n + 6 - 1 = 3*u. Let p = u - -5. Calculate the remainder when 34 is divided by p.
4
Let v(p) = p**2 - 6*p + 82. Let n be v(21). Let k = n - 370. What is the remainder when 184 is divided by k?
22
Suppose 11*k - 13644 = -8*k + k. Calculate the remainder when k is divided by 130.
108
Suppose 4*z - 2*t = -38, 3*z - z + 2*t + 10 = 0. Let g be (-1 - 4)*z/20. Calculate the remainder when 110 is divided by (-40)/(-140)*28*g.
14
Suppose -2*j - 2*i + 42 = 0, 5*j - 76 +